{"id":1069,"date":"2021-08-11T21:49:42","date_gmt":"2021-08-11T21:49:42","guid":{"rendered":"http:\/\/52.142.49.31\/wordpress\/?page_id=1069"},"modified":"2023-08-30T09:53:14","modified_gmt":"2023-08-30T15:53:14","slug":"integrated-risk-management","status":"publish","type":"page","link":"https:\/\/www.datasoftla.com\/?page_id=1069","title":{"rendered":"Gesti\u00f3n Integrada de Riesgos"},"content":{"rendered":"\t\t<div data-elementor-type=\"wp-page\" data-elementor-id=\"1069\" class=\"elementor elementor-1069\">\n\t\t\t\t\t\t<section class=\"elementor-section elementor-top-section elementor-element elementor-element-e1640f3 elementor-section-boxed elementor-section-height-default elementor-section-height-default\" data-id=\"e1640f3\" data-element_type=\"section\" data-e-type=\"section\">\n\t\t\t\t\t\t<div class=\"elementor-container elementor-column-gap-default\">\n\t\t\t\t\t<div class=\"elementor-column elementor-col-100 elementor-top-column elementor-element elementor-element-42faaf6\" data-id=\"42faaf6\" data-element_type=\"column\" data-e-type=\"column\">\n\t\t\t<div class=\"elementor-widget-wrap elementor-element-populated\">\n\t\t\t\t\t\t<div class=\"elementor-element elementor-element-e5d3f28 elementor-widget elementor-widget-spacer\" data-id=\"e5d3f28\" data-element_type=\"widget\" data-e-type=\"widget\" data-widget_type=\"spacer.default\">\n\t\t\t\t<div class=\"elementor-widget-container\">\n\t\t\t\t\t\t\t<div class=\"elementor-spacer\">\n\t\t\t<div class=\"elementor-spacer-inner\"><\/div>\n\t\t<\/div>\n\t\t\t\t\t\t<\/div>\n\t\t\t\t<\/div>\n\t\t\t\t\t<\/div>\n\t\t<\/div>\n\t\t\t\t\t<\/div>\n\t\t<\/section>\n\t\t\t\t<section class=\"elementor-section elementor-top-section elementor-element elementor-element-deeccd3 elementor-section-full_width elementor-section-height-min-height elementor-section-height-default elementor-section-items-middle\" data-id=\"deeccd3\" data-element_type=\"section\" data-e-type=\"section\" data-settings=\"{&quot;background_background&quot;:&quot;classic&quot;}\">\n\t\t\t\t\t\t\t<div class=\"elementor-background-overlay\"><\/div>\n\t\t\t\t\t\t\t<div class=\"elementor-container elementor-column-gap-custom\">\n\t\t\t\t\t<div class=\"elementor-column elementor-col-100 elementor-top-column elementor-element elementor-element-6980da1\" data-id=\"6980da1\" data-element_type=\"column\" data-e-type=\"column\">\n\t\t\t<div class=\"elementor-widget-wrap elementor-element-populated\">\n\t\t\t\t\t\t<div class=\"elementor-element elementor-element-efcb4cb elementor-invisible elementor-widget elementor-widget-image-box\" data-id=\"efcb4cb\" data-element_type=\"widget\" data-e-type=\"widget\" data-settings=\"{&quot;_animation&quot;:&quot;fadeInLeft&quot;}\" data-widget_type=\"image-box.default\">\n\t\t\t\t<div class=\"elementor-widget-container\">\n\t\t\t\t\t<div class=\"elementor-image-box-wrapper\"><div class=\"elementor-image-box-content\"><h1 class=\"elementor-image-box-title\">Gesti\u00f3n Integrada de Riesgos<\/h1><p class=\"elementor-image-box-description\">Para la transformaci\u00f3n digital<\/p><\/div><\/div>\t\t\t\t<\/div>\n\t\t\t\t<\/div>\n\t\t\t\t\t<\/div>\n\t\t<\/div>\n\t\t\t\t\t<\/div>\n\t\t<\/section>\n\t\t\t\t<section class=\"elementor-section elementor-top-section elementor-element elementor-element-1674a8e elementor-section-boxed elementor-section-height-default elementor-section-height-default\" data-id=\"1674a8e\" data-element_type=\"section\" data-e-type=\"section\">\n\t\t\t\t\t\t<div class=\"elementor-container elementor-column-gap-default\">\n\t\t\t\t\t<div class=\"elementor-column elementor-col-100 elementor-top-column elementor-element elementor-element-4b2657c3\" data-id=\"4b2657c3\" data-element_type=\"column\" data-e-type=\"column\">\n\t\t\t<div class=\"elementor-widget-wrap elementor-element-populated\">\n\t\t\t\t\t\t<div class=\"elementor-element elementor-element-5dfd8f24 elementor-widget elementor-widget-text-editor\" data-id=\"5dfd8f24\" data-element_type=\"widget\" data-e-type=\"widget\" data-widget_type=\"text-editor.default\">\n\t\t\t\t<div class=\"elementor-widget-container\">\n\t\t\t\t\t\t\t\t\t<p><\/p>\n<h2>Implementaci\u00f3n de la gesti\u00f3n de riesgos<\/h2>\n<p>La gesti\u00f3n gubernamental, el riesgo y el cumplimiento consisten en identificar, analizar y cuantificar las probabilidades de p\u00e9rdidas y efectos colaterales derivados de desastres, y del incumplimiento de las normas, leyes y reglamentos exigidos a la organizaci\u00f3n, as\u00ed como de las correspondientes medidas preventivas, correctivas y acciones reductoras que deben emprenderse.<\/p>\n<p>El beneficio del servicio es facilitar el cumplimiento de las normas, leyes y regulaciones requeridas a la empresa desde una perspectiva de gesti\u00f3n de riesgos y liderazgo gubernamental para implementar los controles necesarios para el buen funcionamiento de la organizaci\u00f3n.<\/p>\n<p>Ofrecemos:<\/p>\n<ul>\n<li>Soporte personalizado y a medida para cada empresa en la implementaci\u00f3n y adopci\u00f3n de controles de gobierno, riesgo y cumplimiento.<\/li>\n<li>Consultores altamente capacitados y especializados en la implementaci\u00f3n de las mejores pr\u00e1cticas de la industria en gobierno de TI.<\/li>\n<\/ul>\n<p><\/p>\t\t\t\t\t\t\t\t<\/div>\n\t\t\t\t<\/div>\n\t\t\t\t\t<\/div>\n\t\t<\/div>\n\t\t\t\t\t<\/div>\n\t\t<\/section>\n\t\t\t\t<section class=\"elementor-section elementor-top-section elementor-element elementor-element-ed06eb4 elementor-section-boxed elementor-section-height-default elementor-section-height-default\" data-id=\"ed06eb4\" data-element_type=\"section\" data-e-type=\"section\">\n\t\t\t\t\t\t<div class=\"elementor-container elementor-column-gap-default\">\n\t\t\t\t\t<div class=\"elementor-column elementor-col-50 elementor-top-column elementor-element elementor-element-5f147fc\" data-id=\"5f147fc\" data-element_type=\"column\" data-e-type=\"column\">\n\t\t\t<div class=\"elementor-widget-wrap elementor-element-populated\">\n\t\t\t\t\t\t<div class=\"elementor-element elementor-element-00a9979 elementor-widget elementor-widget-text-editor\" data-id=\"00a9979\" data-element_type=\"widget\" data-e-type=\"widget\" data-widget_type=\"text-editor.default\">\n\t\t\t\t<div class=\"elementor-widget-container\">\n\t\t\t\t\t\t\t\t\t<h3>Gesti\u00f3n de la continuidad del negocio ISO 22301<\/h3>\n<p>La existencia de un Programa de Continuidad del Negocio permite mantener planes adecuadamente priorizados, coordinados y probados. Adem\u00e1s, preparar a la organizaci\u00f3n para responder a incidentes \u00abno revisados\u00bb que impacten severamente los ingresos y la imagen de la organizaci\u00f3n.<\/p>\n<ul>\n<li>Ayudamos a estructurar, fortalecer y desarrollar estrategias para la resiliencia de los procesos de negocio, aplicaciones e infraestructura de TI de su organizaci\u00f3n, basados \u200b\u200ben marcos regulatorios locales y mejores pr\u00e1cticas internacionales.<\/li>\n<li>Ayudamos a definir un nivel de servicio en l\u00edmites aceptables que permitir\u00e1 un per\u00edodo m\u00ednimo de recuperaci\u00f3n para restaurar progresivamente los procesos de la organizaci\u00f3n.<\/li>\n<li>Asesoramos en el desarrollo e implementaci\u00f3n de planes y estrategias para que las funciones esenciales y la operatividad del negocio contin\u00faen de manera razonable, cumpliendo con las expectativas de sus principales grupos de inter\u00e9s.<\/li>\n<li>Desarrollamos talleres que permitan a la organizaci\u00f3n fomentar un gobierno corporativo consciente y sensibilizado sobre la importancia de la resiliencia.<\/li>\n<\/ul>\t\t\t\t\t\t\t\t<\/div>\n\t\t\t\t<\/div>\n\t\t\t\t\t<\/div>\n\t\t<\/div>\n\t\t\t\t<div class=\"elementor-column elementor-col-50 elementor-top-column elementor-element elementor-element-ab79598\" data-id=\"ab79598\" data-element_type=\"column\" data-e-type=\"column\">\n\t\t\t<div class=\"elementor-widget-wrap elementor-element-populated\">\n\t\t\t\t\t\t<div class=\"elementor-element elementor-element-0923ec6 elementor-widget elementor-widget-image\" data-id=\"0923ec6\" data-element_type=\"widget\" data-e-type=\"widget\" data-widget_type=\"image.default\">\n\t\t\t\t<div class=\"elementor-widget-container\">\n\t\t\t\t\t\t\t\t\t\t\t\t\t\t\t<img decoding=\"async\" src=\"https:\/\/www.datasoftla.com\/wp-content\/uploads\/2021\/11\/images-1.jpg\" title=\"images (1)\" alt=\"images (1)\" loading=\"lazy\" \/>\t\t\t\t\t\t\t\t\t\t\t\t\t\t\t<\/div>\n\t\t\t\t<\/div>\n\t\t\t\t\t<\/div>\n\t\t<\/div>\n\t\t\t\t\t<\/div>\n\t\t<\/section>\n\t\t\t\t<section class=\"elementor-section elementor-top-section elementor-element elementor-element-143570e elementor-section-boxed elementor-section-height-default elementor-section-height-default\" data-id=\"143570e\" data-element_type=\"section\" data-e-type=\"section\">\n\t\t\t\t\t\t<div class=\"elementor-container elementor-column-gap-default\">\n\t\t\t\t\t<div class=\"elementor-column elementor-col-50 elementor-top-column elementor-element elementor-element-0558e43\" data-id=\"0558e43\" data-element_type=\"column\" data-e-type=\"column\">\n\t\t\t<div class=\"elementor-widget-wrap elementor-element-populated\">\n\t\t\t\t\t\t<div class=\"elementor-element elementor-element-fd4e313 elementor-widget elementor-widget-text-editor\" data-id=\"fd4e313\" data-element_type=\"widget\" data-e-type=\"widget\" data-widget_type=\"text-editor.default\">\n\t\t\t\t<div class=\"elementor-widget-container\">\n\t\t\t\t\t\t\t\t\t<h3>Gesti\u00f3n de seguridad de la informaci\u00f3n ISO\/IEC 27001<\/h3>\n<p>Siempre que se habla de una empresa, instituci\u00f3n, agencia o entidad entre otras organizaciones similares, es importante que la informaci\u00f3n est\u00e9 integrada y protegida bajo buenas medidas de seguridad. Es ah\u00ed donde nace la seguridad de la informaci\u00f3n para mantener a salvo todos los datos importantes de la empresa, desde los que pertenecen a la propia organizaci\u00f3n como los vinculados a los trabajadores y clientes.<\/p>\n<p>La seguridad de la informaci\u00f3n abarca un conjunto de t\u00e9cnicas y medidas para controlar todos los datos que se manejan dentro de una instituci\u00f3n y garantizar que la gesti\u00f3n de la seguridad de la informaci\u00f3n no sea administrada por la empresa.<\/p>\t\t\t\t\t\t\t\t<\/div>\n\t\t\t\t<\/div>\n\t\t\t\t\t<\/div>\n\t\t<\/div>\n\t\t\t\t<div class=\"elementor-column elementor-col-50 elementor-top-column elementor-element elementor-element-1f3dcdf\" data-id=\"1f3dcdf\" data-element_type=\"column\" data-e-type=\"column\">\n\t\t\t<div class=\"elementor-widget-wrap elementor-element-populated\">\n\t\t\t\t\t\t<div class=\"elementor-element elementor-element-c58a074 elementor-widget elementor-widget-image\" data-id=\"c58a074\" data-element_type=\"widget\" data-e-type=\"widget\" data-widget_type=\"image.default\">\n\t\t\t\t<div class=\"elementor-widget-container\">\n\t\t\t\t\t\t\t\t\t\t\t\t\t\t\t<img decoding=\"async\" src=\"https:\/\/www.datasoftla.com\/wp-content\/uploads\/2021\/11\/descarga-10.png\" title=\"descarga (10)\" alt=\"descarga (10)\" loading=\"lazy\" \/>\t\t\t\t\t\t\t\t\t\t\t\t\t\t\t<\/div>\n\t\t\t\t<\/div>\n\t\t\t\t\t<\/div>\n\t\t<\/div>\n\t\t\t\t\t<\/div>\n\t\t<\/section>\n\t\t\t\t<section class=\"elementor-section elementor-top-section elementor-element elementor-element-6d0fbba elementor-section-boxed elementor-section-height-default elementor-section-height-default\" data-id=\"6d0fbba\" data-element_type=\"section\" data-e-type=\"section\">\n\t\t\t\t\t\t<div class=\"elementor-container elementor-column-gap-default\">\n\t\t\t\t\t<div class=\"elementor-column elementor-col-100 elementor-top-column elementor-element elementor-element-e548969\" data-id=\"e548969\" data-element_type=\"column\" data-e-type=\"column\">\n\t\t\t<div class=\"elementor-widget-wrap elementor-element-populated\">\n\t\t\t\t\t\t<div class=\"elementor-element elementor-element-de4dfea elementor-align-center elementor-invisible elementor-widget elementor-widget-button\" data-id=\"de4dfea\" data-element_type=\"widget\" data-e-type=\"widget\" data-settings=\"{&quot;_animation&quot;:&quot;pulse&quot;}\" data-widget_type=\"button.default\">\n\t\t\t\t<div class=\"elementor-widget-container\">\n\t\t\t\t\t\t\t\t\t<div class=\"elementor-button-wrapper\">\n\t\t\t\t\t<a class=\"elementor-button elementor-button-link elementor-size-sm\" href=\"https:\/\/www.datasoftla.com\/?page_id=736\">\n\t\t\t\t\t\t<span class=\"elementor-button-content-wrapper\">\n\t\t\t\t\t\t\t\t\t<span class=\"elementor-button-text\">Trabajemos juntos<\/span>\n\t\t\t\t\t<\/span>\n\t\t\t\t\t<\/a>\n\t\t\t\t<\/div>\n\t\t\t\t\t\t\t\t<\/div>\n\t\t\t\t<\/div>\n\t\t\t\t\t<\/div>\n\t\t<\/div>\n\t\t\t\t\t<\/div>\n\t\t<\/section>\n\t\t\t\t<\/div>\n\t\t","protected":false},"excerpt":{"rendered":"<p>Gesti\u00f3n Integrada de Riesgos Para la transformaci\u00f3n digital Implementaci\u00f3n de la gesti\u00f3n de riesgos La gesti\u00f3n gubernamental, el riesgo y el cumplimiento consisten en identificar, analizar y cuantificar las probabilidades de p\u00e9rdidas y efectos colaterales derivados de desastres, y del incumplimiento de las normas, leyes y reglamentos exigidos a la organizaci\u00f3n, as\u00ed como de las [&hellip;]<\/p>\n","protected":false},"author":1,"featured_media":0,"parent":0,"menu_order":0,"comment_status":"closed","ping_status":"closed","template":"","meta":{"site-sidebar-layout":"default","site-content-layout":"page-builder","ast-site-content-layout":"full-width-container","site-content-style":"unboxed","site-sidebar-style":"unboxed","ast-global-header-display":"","ast-banner-title-visibility":"","ast-main-header-display":"","ast-hfb-above-header-display":"","ast-hfb-below-header-display":"","ast-hfb-mobile-header-display":"","site-post-title":"disabled","ast-breadcrumbs-content":"","ast-featured-img":"","footer-sml-layout":"","ast-disable-related-posts":"","theme-transparent-header-meta":"default","adv-header-id-meta":"","stick-header-meta":"","header-above-stick-meta":"","header-main-stick-meta":"","header-below-stick-meta":"","astra-migrate-meta-layouts":"set","ast-page-background-enabled":"default","ast-page-background-meta":{"desktop":{"background-color":"","background-image":"","background-repeat":"repeat","background-position":"center center","background-size":"auto","background-attachment":"scroll","background-type":"","background-media":"","overlay-type":"","overlay-color":"","overlay-opacity":"","overlay-gradient":""},"tablet":{"background-color":"","background-image":"","background-repeat":"repeat","background-position":"center center","background-size":"auto","background-attachment":"scroll","background-type":"","background-media":"","overlay-type":"","overlay-color":"","overlay-opacity":"","overlay-gradient":""},"mobile":{"background-color":"","background-image":"","background-repeat":"repeat","background-position":"center center","background-size":"auto","background-attachment":"scroll","background-type":"","background-media":"","overlay-type":"","overlay-color":"","overlay-opacity":"","overlay-gradient":""}},"ast-content-background-meta":{"desktop":{"background-color":"var(--ast-global-color-5)","background-image":"","background-repeat":"repeat","background-position":"center center","background-size":"auto","background-attachment":"scroll","background-type":"","background-media":"","overlay-type":"","overlay-color":"","overlay-opacity":"","overlay-gradient":""},"tablet":{"background-color":"var(--ast-global-color-5)","background-image":"","background-repeat":"repeat","background-position":"center center","background-size":"auto","background-attachment":"scroll","background-type":"","background-media":"","overlay-type":"","overlay-color":"","overlay-opacity":"","overlay-gradient":""},"mobile":{"background-color":"var(--ast-global-color-5)","background-image":"","background-repeat":"repeat","background-position":"center center","background-size":"auto","background-attachment":"scroll","background-type":"","background-media":"","overlay-type":"","overlay-color":"","overlay-opacity":"","overlay-gradient":""}},"footnotes":""},"class_list":["post-1069","page","type-page","status-publish","hentry"],"_links":{"self":[{"href":"https:\/\/www.datasoftla.com\/index.php?rest_route=\/wp\/v2\/pages\/1069","targetHints":{"allow":["GET"]}}],"collection":[{"href":"https:\/\/www.datasoftla.com\/index.php?rest_route=\/wp\/v2\/pages"}],"about":[{"href":"https:\/\/www.datasoftla.com\/index.php?rest_route=\/wp\/v2\/types\/page"}],"author":[{"embeddable":true,"href":"https:\/\/www.datasoftla.com\/index.php?rest_route=\/wp\/v2\/users\/1"}],"replies":[{"embeddable":true,"href":"https:\/\/www.datasoftla.com\/index.php?rest_route=%2Fwp%2Fv2%2Fcomments&post=1069"}],"version-history":[{"count":0,"href":"https:\/\/www.datasoftla.com\/index.php?rest_route=\/wp\/v2\/pages\/1069\/revisions"}],"wp:attachment":[{"href":"https:\/\/www.datasoftla.com\/index.php?rest_route=%2Fwp%2Fv2%2Fmedia&parent=1069"}],"curies":[{"name":"wp","href":"https:\/\/api.w.org\/{rel}","templated":true}]}}